51 + 29 + -66 + -16.
44
What is (-1 - -8) + (70 - (54 + -11 - 28))?
62
Calculate 18 + -118 + -22 + 94.
-28
What is (-23 - -42) + -109 + 78?
-12
Evaluate (10 - ((4 - (-3 + 3)) + 5 - 8)) + -9.
0
-3 - 32 - (171 + (-48 - 150))
-8
Calculate 31 + -65 - (-36 - -34).
-32
What is (-6 - -4 - (-3 - -1)) + -22 - (12 + -11)?
-23
3 + (-2 + (1 - -1) - (61 + -29 - 36))
7
Evaluate (20 - 5 - 8) + (4 - (-1 + 0)).
12
8 + 34 + -10 + -108 + -3
-79
Calculate -5 + (1 - 8) + 6 - 2 - (1 + 1).
-10
Calculate -1472 + 1481 + 102 + (-3 - (3 + -2 - 1)).
108
What is the value of 13 + -11 - 61 - (5 + -6 + 4 + -6)?
-56
What is the value of (11 - (2 - -2 - (-8 + 11))) + (33 - -45)?
88
Calculate -28 + -57 + 48 + 10.
-27
What is the value of (46 - 10 - 184) + (13 - 7)?
-142
What is 0 + -7 - (17 - (45 - (30 + -1)))?
-8
What is the value of 50 - (18 + -44 + 73)?
3
Evaluate (4 - -71) + (30 + -27 - (2 - -10)).
66
What is the value of -58 + (-5 - (22 + -22) - (-15 - 0))?
-48
What is the value of (-20 - (-21 - (-22 + 35))) + -5?
9
What is the value of 109 + -143 + 12 + (-5 - 6)?
-33
What is -14 + -7 + 14 + 22 + -21?
-6
(1 + -22 - 4) + (-23 + -4 - -24)
-28
Evaluate (-63 + -1 - 1) + (325 - 199) + -138.
-77
Evaluate (-329 - -322 - (-54 - (-4 - -2))) + 3.
48
Calculate 80 - (61 - (-13 + 77)).
83
What is (-463 - -415) + (3 - 1) + -5 + 9?
-42
What is 309 + (-132 - 162) - (-1 - -33 - -1)?
-18
What is the value of 10 - (8 - -13) - -35?
24
What is 0 + -10 - 19 - 10 - 63?
-102
Calculate -6 + -17 + 30 + -6 + 2 + (25 - -1).
29
What is the value of 102 - 52 - (-1 + 4 + (7 - 17))?
57
Calculate -31 + (-7 - 11) + 7 + (99 - 106).
-49
Evaluate 23 + 15 + (-13 - (27 - 14)) - 21.
-9
What is -26 - (46 - 45 - -1)?
-28
What is (2 - (15 - 1)) + (-23 + 45 - -51)?
61
-1 + -2 - ((224 - 366) + 61)
78
Evaluate (28 - 47) + 31 + 1 + (-1 - 52).
-40
What is the value of -4 + (2 - -8 - 6) - (0 - -33)?
-33
What is the value of -19 - (16 + (20 - 114 - 39))?
98
(-1804 - -1826) + (1 - (1 + -5 - -8))
19
What is the value of 23 + (-14 - 10) + (1 - 1) - (4 - -17)?
-22
Calculate -27 - (22 + -25 + 6 - 36).
6
Calculate (14 + (16 - 29 - -8) - 45) + (8 - 3).
-31
13 - -38 - (254 + -266)
63
0 + -25 + -143 + 240
72
Evaluate 13 + 1 - (114 + (-1 + -27 - -28) + -11).
-89
What is the value of 17 + (4 - -12) + -34 + 13 + -2 - 66?
-56
Evaluate (2 - 2 - (2 + 6)) + 62 + -51 + -59.
-56
(1 - (-10 + 19 + -35 + 31)) + -64
-68
Calculate -9 + (21 - -1) - (9 + -8 + (-9 - 3)).
24
(2 - -4) + 125 + -40 + -77
14
What is the value of -14 - -2 - (-12 + 61 + -81)?
20
What is 37 + -46 + 29 - 30 - (-40 + -1 + -2)?
33
Calculate 6 + -10 + -25 + 95 + -16.
50
-29 - (0 + -4) - ((-36 - -13) + 17 - 3)
-16
What is the value of -3 + 3 + -58 + -25 + -19 + 28 + 10?
-64
Calculate (-77 - 8) + (503 - 502).
-84
Evaluate (-354 - -379) + (0 - 0) + 0 + -12.
13
Evaluate (-77 - -46) + 47 + -17.
-1
-4 - ((1 - -4) + -2) - (-26 + (43 - 23))
-1
Calculate 108 + (14 - (21 + -13)) + -22.
92
What is -8 + -11 + 44 + -16?
9
Calculate -27 + -46 + 19 + 35.
-19
What is the value of -17 + -1 + -33 + -20 + 137?
66
What is (-67 - -72) + (-6 - 2) + (8 - -2)?
7
What is the value of (8 - 31) + 30 - 45?
-38
Evaluate 4 + -18 + (0 - 74 - 24) - -6.
-106
What is the value of 2 - (-49 + (-19 - (-28 - -6)))?
48
29 + 1 + (10 - 27 - (-30 + 2 + 7))
34
What is (58 - (-24 - -46)) + -52?
-16
What is -26 - (16 + -46) - (4 + (8 - -2))?
-10
What is (-1 - -19) + (-17 - -153 - 95)?
59
What is the value of -107 + 114 - (-8 + 1 + -16)?
30
Calculate -50 + (24 - (-117 - -22)).
69
What is the value of -18 + (-6 - -9) + 0 - (233 + -217)?
-31
1 - (4 - -2 - (2 - 3)) - (474 + -572)
92
Evaluate 92 + 13 + -219 + 89.
-25
What is the value of -1 + 66 - (-7 - (-15 + -10 + 16))?
63
What is -4 + (10 - 5 - -71 - (-73 - -60))?
85
What is -17 + 74 + 5 - 120?
-58
What is -79 - (11 - (-5 + 6 + 14 + 7) - -1)?
-69
What is the value of -9 + 19 + -15 - (1 + -30 - -3)?
21
6 + (-15 - -1) + 11 + (-12 - 18)
-27
Evaluate 3 - 42 - ((-66 - -7) + 26).
-6
What is the value of (-284 - -312) + -1 + 52 + -35?
44
What is the value of 6 - -86 - (-43 + 48 + 1 + 2 + -6)?
90
What is -13 - (15 - 2) - -24 - -122?
120
Evaluate -21 + (80 - (-18 - -17 - -9)).
51
Evaluate (-58 - (-4 - -3)) + (-313 - -325).
-45
5 + -44 + 15 - 28
-52
What is -116 + (64 - (-27 - 32))?
7
What is 31 + 28 + -37 + -60 - 62?
-100
What is the value of (3 - -63) + (-2154 - -2068)?
-20
Evaluate 45 + (110 - -25 - 49).
131
-50 - (-12 + (78 - 69 - (1 - -1)) - -13)
-58
929 + -905 - (5 - 9 - (-2 + 0))
26
24 + 36 + -74 - (36 - (2 - 1))
-49
What is (-5 - -2 - (-29 + 19 + -14)) + (-7 - 1)?
13
-4 - -61 - (0 - ((1 - -2) + -3 + 5))
62
What is the value of -8 - ((-11 + 24 - -34) + (-13 + 11 - -4))?
-57
What is 20 - (28 + -6 + 2) - (-1 + -9)?
6
What is the value of (-6 - -5 - -85 - 3) + (31 - (-33 + 53))?
92
What is the value of -46 - (-7 - (-32 + -13 + 33))?
-51
Evaluate 1 + 66 + (2028 - 2194).
-99
Evaluate 18 + -41 + 21 - (-17 - 0).
15
Evaluate -4 - (0 + 5) - -17 - (3 + 6).
-1
Evaluate -8 + (-13 - (-11 + (-32 - 0) + 198 + -186)).
10
What is the value of 169 + (-28 - (49 + 12))?
80
Calculate 4 + (-4 - ((3 - 20) + 11)) + 11 + -98.
-81
Evaluate (-28 - -33 - -28) + -4 + (-9 - -4 - -6).
30
What is the value of 17 - 1 - (-42 - (197 + -190 + -2 + 0))?
63
Calculate 54 + -54 + -3 + (5 - 3) + -6 + -35.
-42
Evaluate 128 + 1 - ((44 - 37 - (-11 + -11)) + -31).
131
What is (-5 - -15) + (-32 + 43 - 44)?
-23
Calculate 33 - (68 + -20) - (-32 + -31).
48
48 - (7 + -18 + -22 + 17)
64
Evaluate (9 - (37 - ((43 - 17) + -11))) + (-1 - 71).
-85
What is the value of -63 + 11 + -3 + 21 + -16 + -1?
-51
What is the value of 2 - (36 - (31 - 15) - 27)?
9
Evaluate 14 + -2 - (20 - 30) - 4.
18
0 + 1 - 0 - 65 - (106 - (-104 - -200))
-74
Calculate 3 - (42 + -24 - -27).
-42
What is 364 + -413 - (37 + -11)?
-75
What is the value of -13 + (23 + 2 + 27 - 14)?
25
What is the value of -48 + 89 + 37 + -60?
18
147 + -50 + -9 - (2 + (1 - -4) - -3)
78
Calculate -356 + 379 + -35 + 0 - 9.
-21
What is the value of (829 - 839) + 1 + 0 + 12 + -8 + -7?
-12
-9 + -25 + -3 - (-13 + 38)
-62
What is -93 + (-51 - -16) + 75 - 40?
-93
What is the value of ((18 - 2) + -6 - -68) + -23 + 13?
68
What is 0 + -4 + 2356 + -2372?
-20
What is the value of -28 - ((15 - 14) + 26 + -69)?
14
42 + -28 - 89 - (9 - 17)
-67
Evaluate (-6 - (-7 - -6)) + -13 + 13 + -28.
-33
Evaluate (3 + 0 - -22) + 0 + 3468 + -3470.
23
Evaluate 4 - -29 - (-16 - (-69 - -25)).
5
What is the value of (-14 - -74) + -1 + 5 + -12 + 10?
62
Evaluate (-7 - 12) + 8 - (235 - 215).
-31
Calculate (-2 - 3 - (-90 + 105)) + 12 - (0 + 9).
-17
Calculate (67 - (-68 + 129) - (11 + 0)) + (-8 - 0).
-13
What is the value of (28 - (58 + -43)) + -3?
10
What is the value of (5 - 14) + -3 + (2 - (4 + (-44 - 6)))?
36
Evaluate (-2137 - -2199) + -125 + -2.
-65
Calculate (9 - -60) + -29 + -19 - -21.
42
What is the value of 83 + (12 - (0 + -1 + -31 + 20))?
107
What is 8 + 52 - 11 - -11?
60
Evaluate -1 - ((13 + -22 - -64) + -9) - -24.
-23
Evaluate 4 - ((8 - 10) + -1) - (80 + -10 - 5).
-58
Evaluate -173 - ((-26 - 116) + 26).
-57
Evaluate (19 - 3) + 23 + (-15 - (3 + -3)).
24
Calculate 4 + (-60 - (-2 - -7)) - (433 - 437).
-57
What is the value of (7 - (2 - (33 - 13 - 19))) + (9 - -1)?
16
Calculate -920 - -898 - (12 - -1) - 16.
-51
Calculate 14 + (5 - ((30 - (70 - 25)) + 18 + 1)).
15
What is the value of (-43 - -84) + -132 - -58?
-33
What is (-41 - 0) + -87 + -63 + 130?
-61
What is the value of ((-47 - -2) + -5 + 24 - -19) + -4?
-11
(-60 - -22) + 39 - (-8 + 21)
-12
-30 + (1 - -12) - (-4 - -2)
-15
What is the value of -25 - -1 - ((-20 - -8 - -28) + -103)?
63
Evaluate -46 + 37 - (-39 - -2) - -54.
82
What is 28 + -83 - ((3 - -1) + 4)?
-63
What is 25 + -11 + 41 - (-121 - -99)?
77
Evaluate -2 + 23 + 2 + 135 + (-653 - -628).
133
What is the value of (-5 - -3) + 1 - -7 - (16 + 8 - 43)?
25
12 + -395 + 396 + (-3 - 53 - 0)
-43
Calculate (-34 - -80) + -87 - 39.
-80
What is the value of 111 + -41 + -155 + 97?
12
(-73 - (-9 - (33 - 22))) + -4
-57
Calculate 36 + (-27 - 9) - 1 - (7 + 0).
-8
Evaluate (14 - (4 + -3)) + -6 + -38 - 17.
-48
Evaluate -3 + 13 - (-3168 - -3157).
21
What is (2 - 2) + -2 + -39 + (-14 - -16) - -6?
-33
Evaluate -460 + 547 + (7 - (-1 + 3)) + -2 + -1.
89
What is the value of 13 - (3 - 0 - (11 + -8)) - 71?
-58
Calculate (27